r of 70 and n.
7
Let v be -2 - 1/(-1) - (6 + -77). Suppose v = u - 2*m, 264 + 16 = 4*u - 3*m. What is the greatest common factor of 28 and u?
14
Let x(d) = -d**2 + 10*d + 6. Let i be x(10). Suppose -2*z = -i*z + 468. Let j be (-4)/(-14) - (-178)/14. What is the greatest common divisor of j and z?
13
Let n be 3/(-2)*140/(-21). Let h = -1 + 0. Let z be (-40)/((-2)/(-4) + h). What is the highest common factor of z and n?
10
Suppose 156 + 20 = 4*z. What is the greatest common factor of 4 and z?
4
Suppose 3*i + 0*i = -2*h - 460, -2*h = -i - 156. Let c = i + 264. What is the greatest common factor of 10 and c?
10
Suppose -3*w - 3*w + 84 = 0. Let j = -578 + 662. Calculate the greatest common factor of j and w.
14
Let w = 3773 - 3740. Suppose -6*i + 396 = -3*i. What is the highest common factor of w and i?
33
Let x = 245 + -110. What is the greatest common divisor of x and 108?
27
Let b = 2 + 12. Let k = -121 + 128. Calculate the greatest common divisor of b and k.
7
Suppose 60 - 4 = 28*d. What is the greatest common divisor of 127 and d?
1
Suppose 0 = -3*g - g. Suppose 20 + g = 4*i. Let w be ((-90)/(-9))/((-27)/33 + 1). What is the greatest common divisor of w and i?
5
Let n = -5 - -9. Suppose -165 = -n*a - 21. Suppose 2*j + 4 = -0*v + 3*v, j = -v + 8. Calculate the highest common factor of a and j.
4
Suppose -2*z = -z, 5*o - z = 20. Let i(l) = l**3 - 4*l**2 + 3*l - 9. Let n be i(o). What is the highest common divisor of 12 and n?
3
Let m(r) = -2*r**3 - 20*r**2 - 22*r - 29. Let d be m(-9). What is the highest common factor of 4 and d?
1
Suppose 35 = 11*h + 13. Suppose 0 = h*r - 11*r + 351. Calculate the highest common divisor of 13 and r.
13
Suppose -10*h - 8 = -18. Calculate the highest common divisor of h and 17.
1
Let p = -68 + -22. Let t = 123 + p. Calculate the greatest common divisor of t and 99.
33
Let z = -82 + 252. Let t = -100 + z. What is the highest common factor of 105 and t?
35
Suppose -5*s + 255 = 5*q, s = q - 4*q + 59. Let y = s + -8. Suppose 15*o - 137 - 58 = 0. Calculate the highest common factor of y and o.
13
Suppose -924 = -576*g + 543*g. What is the highest common factor of 8 and g?
4
Suppose k - 4*a = 68, -5*a + 16 + 7 = k. What is the highest common divisor of k and 64?
16
Suppose 33*u + 273 = 54*u. Suppose -2*f = -6 - 0, -5*a - 3*f = -724. What is the highest common divisor of a and u?
13
Let v(n) = -4*n + 28*n**3 + 5*n**2 + 3*n - 27*n**3. Let a be v(-5). Suppose 0 = 6*b - b - 10. Calculate the greatest common factor of a and b.
1
Let c be 4/(-16) - 3006/(-24). Suppose 3*s = 188 - c. Calculate the greatest common factor of s and 273.
21
Suppose -3724 = 19*z - 38*z. What is the highest common factor of z and 4?
4
Let l be (-522 - -1)*(1 + -2). Let y = 761 - l. Calculate the highest common divisor of y and 30.
30
Suppose 57 - 152 = w. Let d = -82 - w. What is the highest common factor of 104 and d?
13
Let c(r) = 2*r**2 + 19*r - 15. Let z(p) = p**2 - p + 1. Let b(q) = c(q) - 3*z(q). Let a be b(8). Calculate the highest common factor of a and 235.
47
Let a = 1280 - 71. Calculate the greatest common factor of a and 39.
39
Let w = 1047 + -574. Calculate the highest common factor of w and 43.
43
Suppose -4*m - 5*l + 99 = 0, -2*m = 2*l + 3*l - 57. What is the highest common divisor of 399 and m?
21
Suppose 63*y = 61*y + 220. Suppose -j = j - y. What is the highest common divisor of j and 33?
11
Let h = 22 - 9. Suppose 3*k - 58 = 4*p, 0 = -k + 70*p - 71*p + 31. Calculate the highest common divisor of h and k.
13
Let i(b) = b**3 + 6*b**2 - 21*b + 55. Let t be i(-9). What is the highest common divisor of 16 and t?
1
Let k(g) = g**3 + 40*g**2 + 41*g + 86. Let v be k(-39). What is the greatest common factor of v and 184?
8
Suppose -5*d + 106 = 15*n - 11*n, -5*n = -2*d + 16. Suppose 3*i - 19 = -5*r, -11 = -4*r - 4*i + 3*i. Calculate the highest common divisor of r and d.
2
Let a be 2638/14 + (-48)/(-84). Let m be ((-3)/9)/(-3 - (-564)/a). What is the highest common factor of 28 and m?
7
Let k = 9 - 5. Let q(t) = t**3 + 7*t**2 - 11*t - 12. Let l be q(-8). Calculate the greatest common factor of k and l.
4
Let h(c) be the second derivative of -3*c**5/20 - c**2/2 + 6*c. Let z be h(-1). Suppose 0*x - z*x = -12. What is the greatest common divisor of x and 9?
3
Suppose -2335*f = -2340*f + 210. Suppose 2*l = l + 6. What is the greatest common factor of f and l?
6
Let o = -65 - -64. Let s be 13 - (-6)/4*(-3 - o). What is the greatest common divisor of s and 40?
10
Suppose 18*k - 33*k + 3645 = 0. Calculate the greatest common factor of 27 and k.
27
Suppose -3*h = 3*n - 2*n + 27, -4*h = -4*n - 60. Let j be ((-115)/(-69))/(((-4)/n)/2). What is the greatest common divisor of 3 and j?
3
Suppose 4 = 3*q + 1. Let y be (350/14)/(q/1). Calculate the greatest common factor of y and 200.
25
Suppose 0 = -5*b + 5*g - 37 + 152, -3*g + 120 = 4*b. Suppose 5*i - 2*n - 49 = 0, -2*i - 3*n + 14 = -n. Calculate the greatest common factor of i and b.
9
Let m(q) = 5*q - 44. Let p = -57 - -68. Let j be m(p). Calculate the greatest common factor of 55 and j.
11
Let s = -24 - 24. Let t(o) = o**3 - 5*o**2 - 8*o + 8. Let b be t(5). Let m = b - s. Calculate the greatest common divisor of 2 and m.
2
Suppose 0 = -2*j - 5*j + 7. Let d(w) = 5*w + 5*w**2 + j - 4 - 10*w. Let y be d(4). What is the highest common factor of y and 19?
19
Let w = 97 - 152. Let k = -15 - w. Suppose -2*v - 2*r + 500 = 3*v, 0 = -2*v + 4*r + 200. What is the highest common divisor of k and v?
20
Suppose -1167*i = -1176*i + 378. Suppose 2*d = 3*r + 62, -2*r + 53 = 4*d - 55. Calculate the greatest common factor of d and i.
14
Suppose -6*f + 131 + 979 = 0. What is the greatest common factor of 5 and f?
5
Let j be (8232/48)/(2/4). Calculate the highest common divisor of j and 7.
7
Suppose -8*r - 2805 = -13*r. What is the greatest common divisor of 51 and r?
51
Suppose 5*f - 2*a = 135, 0 = -39*f + 36*f + 3*a + 81. Calculate the greatest common factor of 783 and f.
27
Let s = 13 - 13. Let z be (3/(-3)*s)/(-4). Suppose -7 = -g - z. Calculate the highest common factor of 56 and g.
7
Suppose 4 = 2*g - 0. Let l = -62 - -76. What is the greatest common factor of l and g?
2
Suppose o = 2*p, 0*p = -2*p - 2. Let c be (-3 - o) + -2 + 7 + 1. What is the greatest common divisor of c and 25?
5
Let f = 616 - 501. What is the highest common divisor of 184 and f?
23
Suppose 0 = 20*u - 21130 + 5430. What is the highest common factor of 5 and u?
5
Let v(b) = -221*b**3 + b**2 - 3*b + 220*b**3 + 30 + 3*b. Let j be v(0). Let i = 5 + 5. Calculate the greatest common divisor of i and j.
10
Suppose -73 = -7*o - 38. What is the greatest common factor of 80 and o?
5
Suppose 2*o = -5*o + 7. What is the greatest common divisor of 8 and o?
1
Let x be (-11 - 781/(-77))*-84. What is the highest common factor of x and 828?
36
Suppose 15*n - 32 = 19*n. Let a be (-6)/n + -1 - (-845)/52. Calculate the greatest common divisor of 2 and a.
2
Let v = 33 + -20. Let c = 41 - 38. Let l = v + c. What is the greatest common divisor of l and 176?
16
Let d(a) = 8*a + 8. Let n be d(8). What is the highest common divisor of n and 63?
9
Suppose -b = -2*d - 5 + 16, -d - 5*b + 22 = 0. Calculate the greatest common divisor of d and 3073.
7
Suppose 776 - 606 = 10*o. What is the highest common factor of o and 493?
17
Suppose -7*a + 13*a = 18. Suppose 0*c + 93 = 4*b + a*c, -5*b + 118 = 2*c. What is the greatest common divisor of 72 and b?
24
Suppose -24 = 2*n - 6*n. Let z be 18/(-15)*(-160)/n. Suppose -8 = -2*k + 8. What is the greatest common factor of z and k?
8
Suppose -4*y + 9*y = 5*n - 35, -3*n = 2*y + 4. Suppose 0 = -4*q + 38 + n. What is the highest common factor of 20 and q?
10
Let u be ((-224)/84)/((-4)/54). Let q be (1 - 61)*45/(-30). Calculate the highest common divisor of u and q.
18
Let k(c) = -3*c + 10*c - c**2 - 3*c + 5*c**2 + 2. Let x be k(-4). Calculate the greatest common divisor of x and 20.
10
Suppose -36 = -2*w + 29*v - 24*v, 4*w = -5*v + 12. Let s be 291/12 + (-1)/4. Calculate the highest common factor of s and w.
8
Suppose 0 = -5*y + 3*y + 42. Let h(x) = x**3 + 12*x**2 + 8*x + 2. Let j be h(-10). Let m = j + 46. Calculate the greatest common divisor of y and m.
21
Let b be 1 - (1 - (4 + 2)). Let q(s) = 3*s - 8. Let d be q(b). Let u = 31